67 - 17079. What are the prime factors of (2/4)/((-6)/f)?
601
Let a(p) be the second derivative of p**4/6 - 31*p**3/6 - 4*p**2 - p. Suppose -1 - 48 = -3*j - 4*d, -13 = -j - 3*d. What are the prime factors of a(j)?
5
Let p = 71 - 69. Let v(n) = -p*n + 5*n + 0*n + 7 + 12*n**2 - 11*n**2. List the prime factors of v(4).
5, 7
Suppose -2*b + 4*z + 33 = -35, b = 6*z + 46. Suppose 14672 + 2324 = b*u. List the prime factors of u.
607
Let i(y) = -y**3 + y**2 - y - 1. Let w(m) = m**2 + 3*m - 1. Let z be w(-2). Let b be i(z). Let q = 60 - b. What are the prime factors of q?
2, 11
Let y(l) be the third derivative of l**6/120 + 7*l**5/15 - 2*l**4/3 + 4*l**3 + 44*l**2 + 1. What are the prime factors of y(-28)?
2, 59
Suppose 0 = -y - 3*k + 8455, 17782 = 2*y - 3*k + 917. List the prime factors of y.
2, 5, 211
Let h(o) = -317*o + 603. List the prime factors of h(-27).
2, 3, 509
Let j(z) be the second derivative of z**3/6 - z**2 - 22*z. Let p be j(13). Suppose -p*o + 352 + 77 = 0. What are the prime factors of o?
3, 13
Suppose -5*y + 212 = 5*f - 218, y = 4. Suppose -522 = -2*k - f. What are the prime factors of k?
2, 5, 11
Suppose 299*f - 268363 = 61*f + 886175. List the prime factors of f.
3, 7, 11
Let x = 194 + -192. Suppose -32*c = -x*c - 56070. What are the prime factors of c?
3, 7, 89
Let v(w) = w. Let i(m) = -3*m + 4. Let n(k) = -i(k) - 4*v(k). Let a be n(-6). List the prime factors of 1/a + (-166)/(-4) - -3.
3, 5
Let w(m) = m**3 - 11*m**2 + 14*m - 7. Let g = 10 - 0. Let s be w(g). Let l = -27 + s. List the prime factors of l.
2, 3
Let n(v) = 35*v**2 + 5*v - 161. What are the prime factors of n(-32)?
11, 3229
What are the prime factors of -2 - (-1)/(-1)*(-1289652)/78?
2, 4133
What are the prime factors of 0 + 412189/10 + (-5)/550*-11?
47, 877
Let q(u) = 10*u - 50. Let r be q(14). Let m be 70/(-2)*(-702)/r. Suppose -14*i - m = -21*i. What are the prime factors of i?
3, 13
Let w(s) = -s**3 + 19*s**2 - 65*s + 21. Let m be w(14). What are the prime factors of ((-2)/(-2) - 481/m)*-126?
2, 3, 5
Suppose -n = 4*c - 61642, -193*n + 197*n + 2*c = 246456. What are the prime factors of n?
2, 5, 61, 101
Let z = -1033 - -2535. Let o = 2191 - z. What are the prime factors of o?
13, 53
Let d = -210 - -160. Let s = d - -101. What are the prime factors of s?
3, 17
Suppose 4*a + 16 = 0, -9*i + 4*a + 176 = -8*i. Suppose 5*x + i - 3610 = 0. List the prime factors of x.
2, 3, 5, 23
Suppose -9*l = -15*l + 30. Let j be (-8)/(1 - l) - 8/2. What are the prime factors of (1188/(-48))/(j*(-3)/(-16))?
2, 3, 11
Let o(f) = -55*f**3 - 43*f**2 - 9*f - 2. What are the prime factors of o(-7)?
11, 139
Let t(f) = -f**2 + 6*f + 16. Let l be t(-2). Suppose -50*v - 1028 + 29778 = l. List the prime factors of v.
5, 23
Let g = -101 + -382. Let t = 1176 + g. What are the prime factors of t?
3, 7, 11
Let v = 31 + -25. Suppose 0 = -3*b - v, -5*s - 8*b + 207 = -4*b. Suppose -s = -4*i + a + 3, a = -5*i + 53. List the prime factors of i.
11
Suppose -10334*u = -10366*u + 652800. List the prime factors of u.
2, 3, 5, 17
Suppose -10*m = -6431 + 4768 - 6387. List the prime factors of m.
5, 7, 23
Let x = 49428 + -6804. What are the prime factors of x?
2, 3, 37
Suppose -39*s = 4*s - 233619. List the prime factors of s.
3, 1811
Suppose 298753 - 41811 = 7*y. What are the prime factors of y?
2, 18353
Let d be (-8 - 1)*(-17105)/165. Suppose -5*f + 1052 = -d. What are the prime factors of f?
397
Suppose 3*f = n - 7, 8*f = -4*n + 12*f + 28. What are the prime factors of (-5)/(n - 2) - -79?
2, 3, 13
Let p(n) = 46*n + 5. Let a be p(4). Let t = 834 + -831. List the prime factors of -2 + 4 + a/t.
5, 13
Let u = 11 - 9. Suppose -4*t = u*q - 222, -3*q + 5*t = -0*q - 377. List the prime factors of q.
7, 17
Suppose -11*i + 1902 - 4531 = 0. List the prime factors of 1/((-1)/(-3)) - (i + -9).
251
Let x = 32764 - 22439. What are the prime factors of x?
5, 7, 59
Let x(v) = v**3 + 81*v**2 - 47*v - 444. List the prime factors of x(-81).
3, 19, 59
Suppose -j = 5*d - 462, 366 = 5*d + 2*j - 93. Let g = d - 27. Suppose 2*c = y + g, 0*y = 4*c + 2*y - 140. What are the prime factors of c?
2, 17
Let l = 2206 + 278. What are the prime factors of l?
2, 3, 23
Let m(d) = -d**2 + 19*d + 44. Let l be m(21). List the prime factors of (-2355)/5*l/(-6).
157
What are the prime factors of (24/(-40))/1 - (6 - 12503/5)?
2, 29, 43
Let o(q) = 36*q - 38. Let h be o(11). Let r = h - 167. List the prime factors of r.
191
Let g(t) = -37*t**3 - t**2 + 4*t - 9. Let j be (6/(-5))/(110/275). List the prime factors of g(j).
3, 17, 19
Suppose -110*u + 38060 = -100*u. List the prime factors of u.
2, 11, 173
List the prime factors of -6 + (8 - 3) + -6 - -1747.
2, 3, 5, 29
Let w(d) = 119*d**3 + d**2 + 3*d + 2. Let k be w(-1). List the prime factors of (k/(-28))/(((-7)/136)/(-7)).
2, 17
Suppose 3*p - 22 = -10, -5*p = h - 7402. What are the prime factors of h?
2, 3691
Suppose -6*l = -2*l - 8. Let i(q) = -17*q**2 + 0*q + 81*q**2 + 0*q**2 - 7*q. List the prime factors of i(l).
2, 11
List the prime factors of (0 - -1)*2*(-96 + -10)*-57.
2, 3, 19, 53
Let n(j) = 427*j**2 + 177*j - 1201. What are the prime factors of n(7)?
3, 17, 137
Suppose 5*j - 4 - 6 = 0. List the prime factors of -10 - 10535/(-15) - j/(-3).
3, 7, 11
Let d(w) = 7*w + 9*w - 19*w - 72 - 23*w. Let i be d(-6). Let o = 119 - i. List the prime factors of o.
5, 7
What are the prime factors of (-426213)/(-23) + -9 + -5?
18517
Suppose -b - 24 = -7*b. Suppose -b*u - 27 = -7*u. Let t = u + -2. What are the prime factors of t?
7
Let s = -24564 - -92810. What are the prime factors of s?
2, 34123
Let z be (-2)/5 + (68/5)/4. Suppose u = -2*m + 859, -5 = 2*u - z. List the prime factors of m.
2, 5, 43
What are the prime factors of (12 + -11)/(9/459)?
3, 17
Let c(a) = -6*a + 113. Let m be c(9). Let p = m + 170. What are the prime factors of p?
229
Suppose 7*m + 14743 - 87711 = 0. Suppose 6*d + m = 14*d. What are the prime factors of d?
1303
Suppose 0 = -5*a + v - 4885, 5*v = 4*a + 3869 + 18. Let g = a + 1417. List the prime factors of g.
439
Let v(u) = 5*u**2 + 26*u - 36. Let g be v(-21). What are the prime factors of g/6 + (-13)/(-26)?
271
Suppose -p - 50376 = -3*r, 25 = p + 19. List the prime factors of r.
2, 3, 311
Suppose -5*w + 119 = 2*x - 0*x, 3*w - 77 = -4*x. Suppose -1084 = -w*v + 19*v. List the prime factors of v.
271
List the prime factors of (-12880983)/565*15/(-9).
37997
Suppose 5*g + l - 3353 = 0, -4*g + 2*l + 430 = -2258. Suppose -51 = -5*k + 4*d + 608, 5*k - g = d. List the prime factors of k.
3, 5
Suppose x = -5*n - 32, 4*x = -2*n + 1 - 3. List the prime factors of 3 + 1 - (n + -94 + 10).
5, 19
Let b = -159 + 149. What are the prime factors of (872/b)/(((-20)/(-25))/(-4))?
2, 109
Let y(g) = 7*g**3 - g**2 - g - 4. Suppose -5*c + 5*f + 162 = 3*f, 2*c - 5*f = 48. Let n = c + -31. List the prime factors of y(n).
173
Suppose 4*a - 4*d - 37 = 3, 4*d - 14 = -5*a. Suppose -b + 14 = a*b. Suppose -n - 2*n + 15 = 0, -b*i + 239 = n. List the prime factors of i.
3, 13
Let m = -20 - -13. Let v(d) = -d - 13. Let j be v(m). What are the prime factors of (-308)/(-6) - (j + 76/12)?
3, 17
Let b = -50 + 54. Suppose 8*a - 4*l = 3*a + 40, 41 = b*a - 5*l. Suppose -609 = -a*y + 339. What are the prime factors of y?
3, 79
Let v = 95 - 23. Let o = v + -75. What are the prime factors of ((-710)/(-15) - o) + 2/(-6)?
2, 5
Let z(i) = -5*i - 4. Let l be z(-2). Suppose 14*x - 18*x + 48 = 0. Let u = l + x. What are the prime factors of u?
2, 3
Let c = 31883 + -22083. List the prime factors of c.
2, 5, 7
Suppose 2*i - 765 - 377 = 0. Let v = -249 + i. Suppose -3*j = -4*t + v - 1059, 0 = 2*j - t - 483. What are the prime factors of j?
239
Let i be (-68)/(-18) + 2/9*1. Let j be (i + 1197/6)*4. Suppose 6*u - j = -5*u. What are the prime factors of u?
2, 37
Let u = -3083 - -11768. What are the prime factors of u?
3, 5, 193
Let w = 336 - 90. Suppose -5*d = d - w. Suppose 5*s - 5*f - 425 = 0, d + 52 = s + f. List the prime factors of s.
89
Let u(w) = 2*w**2 - 7*w - 3. Let q(z) = z**2 - z + 1. Let l(a) = 3*q(a) - u(a). Let c be l(-3). What are the prime factors of 20/(-4) + c + 106?
2, 13
Suppose -5*l + 194 = 5*f - 131, 0 = 5*f - 5. Let x be 1/(-4) - (-208)/l. Suppose 42 = 2*m + h, -x*m + 4*h + 118 = 2*m. List the prime factors of m.
2, 11
